{"id":1622,"date":"2025-02-17T20:49:46","date_gmt":"2025-02-17T20:49:46","guid":{"rendered":"https:\/\/camarasantafedegoias.go.gov.br\/site\/?page_id=1622"},"modified":"2025-05-20T17:50:16","modified_gmt":"2025-05-20T17:50:16","slug":"pauta-das-sessoes","status":"publish","type":"page","link":"https:\/\/camarasantafedegoias.go.gov.br\/site\/pauta-das-sessoes\/","title":{"rendered":"PAUTA DAS SESS\u00d5ES"},"content":{"rendered":"<div id=\"dslc-theme-content\"><div id=\"dslc-theme-content-inner\">\n<p><strong>Confira aqui a pauta das sess\u00f5es da C\u00e2mara Municipal de Santa F\u00e9 de Goi\u00e1s<\/strong><\/p>\n\n\n\n<p>Pauta de sess\u00e3o solene &#8211; 17\/02\/2025  <a href=\"https:\/\/camarasantafedegoias.go.gov.br\/site\/wp-content\/uploads\/2025\/02\/PAUTA_SESSAO_SOLENE.pdf\">clique aqui<\/a> para baixar o arquivo <\/p>\n\n\n\n<p>Pauta de sess\u00e3o ordin\u00e1ria &#8211; 18\/02\/2025 <a href=\"https:\/\/camarasantafedegoias.go.gov.br\/site\/wp-content\/uploads\/2025\/02\/PAUTA_19-02-2025.pdf\">clique aqui<\/a> para baixar o arquivo<\/p>\n\n\n\n<p>Pauta de sess\u00e3o ordin\u00e1ria &#8211; 19\/02\/2025 <a href=\"https:\/\/camarasantafedegoias.go.gov.br\/site\/wp-content\/uploads\/2025\/02\/PAUTA_19-02-2025.pdf\">clique aqui<\/a> para baixar o arquivo<\/p>\n\n\n\n<p>Pauta de sess\u00e3o ordin\u00e1ria &#8211; 20\/02\/2025 <a href=\"https:\/\/camarasantafedegoias.go.gov.br\/site\/wp-content\/uploads\/2025\/02\/pauta_20_fevereiro.pdf\">clique aqui<\/a> para baixar o arquivo<\/p>\n\n\n\n<p>Pauta de sess\u00e3o ordin\u00e1ria &#8211; 10\/03\/2025 <a href=\"https:\/\/camarasantafedegoias.go.gov.br\/site\/wp-content\/uploads\/2025\/03\/PAUTAS_10-03.pdf\">clique aqui<\/a> para baixar o arquivo<\/p>\n\n\n\n<p>Pauta de sess\u00e3o ordin\u00e1ria &#8211; 31\/03\/2025 <a href=\"https:\/\/camarasantafedegoias.go.gov.br\/site\/wp-content\/uploads\/2025\/03\/CamScanner-31-03-2025-08.44.pdf\">clique aqui<\/a> para baixar o arquivo<\/p>\n\n\n\n<p>Pauta de sess\u00e3o ordin\u00e1ria &#8211; 11\/04\/2025 <a href=\"https:\/\/camarasantafedegoias.go.gov.br\/site\/wp-content\/uploads\/2025\/04\/pauta-_dia_11.pdf\">clique aqui<\/a> para baixar o arquivo <\/p>\n\n\n\n<p>Pauta de sess\u00e3o ordin\u00e1ria &#8211; 13\/04\/2025 <a href=\"https:\/\/camarasantafedegoias.go.gov.br\/site\/wp-content\/uploads\/2025\/05\/pauta-sessao-13-05.pdf\">clique aqui<\/a> para baixar o arquivo<\/p>\n\n\n\n<p>Pauta de sess\u00e3o ordin\u00e1ria &#8211; 14\/05\/2025 <a href=\"https:\/\/camarasantafedegoias.go.gov.br\/site\/wp-content\/uploads\/2025\/05\/CamScanner-14-05-2025-11.11.pdf\">clique aqui<\/a> para baixar o arquivo <\/p>\n\n\n\n<p>Pauta de sess\u00e3o ordin\u00e1ria &#8211; 15\/05\/2025 <a href=\"https:\/\/camarasantafedegoias.go.gov.br\/site\/wp-content\/uploads\/2025\/05\/CamScanner-15-05-2025-15.18.pdf\">clique aqui<\/a> para baixar o arquivo <\/p>\n<\/div><\/div>","protected":false},"excerpt":{"rendered":"<p>Confira aqui a pauta das sess\u00f5es da C\u00e2mara Municipal de Santa F\u00e9 de Goi\u00e1s Pauta..<\/p>\n","protected":false},"author":1,"featured_media":0,"parent":0,"menu_order":0,"comment_status":"closed","ping_status":"closed","template":"","meta":{"footnotes":""},"class_list":["post-1622","page","type-page","status-publish","hentry"],"_links":{"self":[{"href":"https:\/\/camarasantafedegoias.go.gov.br\/site\/wp-json\/wp\/v2\/pages\/1622","targetHints":{"allow":["GET"]}}],"collection":[{"href":"https:\/\/camarasantafedegoias.go.gov.br\/site\/wp-json\/wp\/v2\/pages"}],"about":[{"href":"https:\/\/camarasantafedegoias.go.gov.br\/site\/wp-json\/wp\/v2\/types\/page"}],"author":[{"embeddable":true,"href":"https:\/\/camarasantafedegoias.go.gov.br\/site\/wp-json\/wp\/v2\/users\/1"}],"replies":[{"embeddable":true,"href":"https:\/\/camarasantafedegoias.go.gov.br\/site\/wp-json\/wp\/v2\/comments?post=1622"}],"version-history":[{"count":9,"href":"https:\/\/camarasantafedegoias.go.gov.br\/site\/wp-json\/wp\/v2\/pages\/1622\/revisions"}],"predecessor-version":[{"id":1767,"href":"https:\/\/camarasantafedegoias.go.gov.br\/site\/wp-json\/wp\/v2\/pages\/1622\/revisions\/1767"}],"wp:attachment":[{"href":"https:\/\/camarasantafedegoias.go.gov.br\/site\/wp-json\/wp\/v2\/media?parent=1622"}],"curies":[{"name":"wp","href":"https:\/\/api.w.org\/{rel}","templated":true}]}}