{"id":1218,"date":"2021-08-11T16:51:47","date_gmt":"2021-08-11T16:51:47","guid":{"rendered":"https:\/\/camarasantafedegoias.go.gov.br\/site\/?page_id=1218"},"modified":"2021-08-11T16:51:47","modified_gmt":"2021-08-11T16:51:47","slug":"telefones-uteis","status":"publish","type":"page","link":"https:\/\/camarasantafedegoias.go.gov.br\/site\/telefones-uteis\/","title":{"rendered":"TELEFONES \u00daTEIS"},"content":{"rendered":"<div id=\"dslc-theme-content\"><div id=\"dslc-theme-content-inner\">\n<ul class=\"wp-block-list\"><li><strong>Ambul\u00e2ncia \u2013&nbsp;<\/strong>(62)3391-1203<\/li><li><strong>Aux\u00edlio \u00e0 lista \u2013<\/strong>&nbsp;102<\/li><li><strong>Bombeiros \u2013&nbsp;<\/strong>193<\/li><li><strong>Policia Civil do Estado de Goi\u00e1s (Itapira-Pu\u00e3) \u2013&nbsp;<\/strong>(62)3374-1260<\/li><li><strong>Minist\u00e9rio p\u00fablico do Estado de Goi\u00e1s \u2013 (62) 3243-8000<\/strong>193<\/li><li><strong>Chamadas internacionais via telefonista \u2013&nbsp;<\/strong>0800 703 2100<\/li><li><strong>Correios \u2013&nbsp;<\/strong>(62)3391-1294<\/li><li><strong>Delegacia do Idoso \u2013<\/strong>&nbsp;(62) 3201-1501<\/li><li><strong>Delegacia Regional do Trabalho \u2013<\/strong>&nbsp;(62) 3227-7000<\/li><li><strong>Disque-den\u00fancia \u2013&nbsp;<\/strong>0800 156 315 ou 181<\/li><li><strong>Disque Den\u00fancia da Secretaria Especial dos Direitos Humanos \u2013&nbsp;<\/strong>100<\/li><li><strong>Disque sa\u00fade \u2013&nbsp;<\/strong>(62)339112-03<\/li><li><strong>Instituto Pr\u00f3-Queimados \u2013&nbsp;<\/strong>0800 707 7575<\/li><li><strong>Maus tratos a crian\u00e7a \u2013&nbsp;<\/strong>181<\/li><li><strong>Pol\u00edcia Civil \u2013&nbsp;<\/strong>197<\/li><li><strong>Pol\u00edcia Militar \u2013&nbsp;<\/strong>190<\/li><li><strong>Pol\u00edcia Rodovi\u00e1ria Estadual \u2013&nbsp;<\/strong>(62) 99968-4726<\/li><li><strong>Pol\u00edcia Rodovi\u00e1ria Federal \u2013&nbsp;<\/strong>(62) 3216-8800<\/li><li><strong>Prefeitura \u2013&nbsp;<\/strong>(62)3391-1151<\/li><li><strong>Previs\u00e3o do tempo \u2013<\/strong>&nbsp;132<\/li><li><strong>Procon \u2013<\/strong>&nbsp;(62) 99968-4726<\/li><li><strong>Receita Federal \u2013&nbsp;<\/strong>146<\/li><li><strong>Servi\u00e7o de intermedia\u00e7\u00e3o surdo\/ouvinte \u2013&nbsp;<\/strong>142<\/li><li><strong>Vigil\u00e2ncia Sanit\u00e1ria \u2013&nbsp;<\/strong>(62) 3524-1637<\/li><\/ul>\n<\/div><\/div>","protected":false},"excerpt":{"rendered":"<p>Ambul\u00e2ncia \u2013&nbsp;(62)3391-1203 Aux\u00edlio \u00e0 lista \u2013&nbsp;102 Bombeiros \u2013&nbsp;193 Policia Civil do Estado de Goi\u00e1s (Itapira-Pu\u00e3)..<\/p>\n","protected":false},"author":1,"featured_media":0,"parent":0,"menu_order":0,"comment_status":"closed","ping_status":"closed","template":"","meta":{"footnotes":""},"class_list":["post-1218","page","type-page","status-publish","hentry"],"_links":{"self":[{"href":"https:\/\/camarasantafedegoias.go.gov.br\/site\/wp-json\/wp\/v2\/pages\/1218","targetHints":{"allow":["GET"]}}],"collection":[{"href":"https:\/\/camarasantafedegoias.go.gov.br\/site\/wp-json\/wp\/v2\/pages"}],"about":[{"href":"https:\/\/camarasantafedegoias.go.gov.br\/site\/wp-json\/wp\/v2\/types\/page"}],"author":[{"embeddable":true,"href":"https:\/\/camarasantafedegoias.go.gov.br\/site\/wp-json\/wp\/v2\/users\/1"}],"replies":[{"embeddable":true,"href":"https:\/\/camarasantafedegoias.go.gov.br\/site\/wp-json\/wp\/v2\/comments?post=1218"}],"version-history":[{"count":1,"href":"https:\/\/camarasantafedegoias.go.gov.br\/site\/wp-json\/wp\/v2\/pages\/1218\/revisions"}],"predecessor-version":[{"id":1219,"href":"https:\/\/camarasantafedegoias.go.gov.br\/site\/wp-json\/wp\/v2\/pages\/1218\/revisions\/1219"}],"wp:attachment":[{"href":"https:\/\/camarasantafedegoias.go.gov.br\/site\/wp-json\/wp\/v2\/media?parent=1218"}],"curies":[{"name":"wp","href":"https:\/\/api.w.org\/{rel}","templated":true}]}}